tors of a(w)?
23
Suppose 3*n - 9 = 2*n - 5*s, -3*n - 11 = -4*s. Let f(u) = -13*u - 1. What are the prime factors of f(n)?
2, 3
Let s(a) = 247*a + 45. List the prime factors of s(8).
43, 47
Suppose -2*y + 0 = -6. Suppose y*r - 288 - 138 = 0. What are the prime factors of r?
2, 71
Let d(g) be the third derivative of 3*g**5/20 + g**4/12 + 3*g**3/2 - 9*g**2. List the prime factors of d(-3).
2, 3, 7
Let y(j) be the second derivative of -j**3/2 + 37*j**2 - 15*j. List the prime factors of y(0).
2, 37
Let v(w) = -w**2 + 13*w - 5. Let t be v(7). Let d(o) = 2*o**3 + 2*o - 1. Let p be d(1). Suppose t = p*s - 32. List the prime factors of s.
23
Suppose -h - 293 = 5*p - 2*h, 3*p - 4*h = -186. What are the prime factors of (-6)/((-4)/p*-1)?
3, 29
Let z be (-4)/(-6)*(-390)/(-52). Suppose -4*v - 6 = z*j, -4*j - 2 = 4*v + 6. Suppose 29 + 23 = j*l. What are the prime factors of l?
2, 13
List the prime factors of 2/1*(0 - 4659/(-6)).
1553
Suppose 5*w - 297 = -6*w. What are the prime factors of 1869/w - 14/63?
3, 23
Let a(h) = -h**3 + 4*h**2 + 2. Let i be a(4). Suppose -3*u + 17 = i. Suppose u*d - 155 = -5*n, -d + n + 35 = 3*n. What are the prime factors of d?
3
Let m(i) = 8 - 40*i**2 + 16 - 10*i + i**3 + 1 + 36*i**2. What are the prime factors of m(6)?
37
Let f = -40 - -42. What are the prime factors of f + 0 - (-29 + 4/4)?
2, 3, 5
Let w(u) = 220*u - 794. List the prime factors of w(9).
2, 593
Let o(s) = 61*s**2 + 38*s - 19. List the prime factors of o(5).
2, 53
Suppose 5*i = -3*i. Suppose i = -9*o + 3*o + 714. List the prime factors of o.
7, 17
Let h(p) = -10*p**2 - 9*p + 5. Let l(k) = 7*k**2 + 6*k - 3. Let m(r) = 5*h(r) + 7*l(r). Let i be m(-5). Let z = 11 + i. What are the prime factors of z?
5
Let k be 36 + (2 - -2 - 1). Let r be k/(-26) - 27/(-2). List the prime factors of r*(8/3)/1.
2
Suppose 10*w - 42 = 4*w. Let v = 0 + 4. Let i = w - v. What are the prime factors of i?
3
Let s = -668 - -1834. List the prime factors of s.
2, 11, 53
Let c be (-1 - 2/(-4))*10. Let o(p) = -15*p**2 + 7*p - 3. Let k(x) = -x**2 - x. Let l(y) = c*k(y) - o(y). What are the prime factors of l(1)?
3, 7
Let t = -20 - -25. Let m(l) = 11*l - 2. Let o be m(2). Suppose -h + o = t. What are the prime factors of h?
3, 5
Suppose 7630 = -5*p + 12*p. What are the prime factors of p?
2, 5, 109
List the prime factors of 4826/(14 + -13) + (1 - 1).
2, 19, 127
Suppose 4*l - 3*x = -55, x - 4*x = 9. Let d be (-3)/(3 - l/(-4)). Suppose 85 = 8*o - d*o. What are the prime factors of o?
17
Let v = 22 - 24. Let t(f) = 2*f - 1. Let d be t(v). Let q(x) = -x**3 - 3*x**2 + 4*x - 5. What are the prime factors of q(d)?
5
Let p = -5662 - -9382. List the prime factors of p.
2, 3, 5, 31
Let k be 1*(3 + 1550/5). Suppose 3*z - 5*v = k + 133, v - 162 = -z. List the prime factors of z.
157
Suppose 3*k + 6*m - 10*m = 3589, 5979 = 5*k - 4*m. List the prime factors of k.
5, 239
Let j = -2759 - -3965. What are the prime factors of j?
2, 3, 67
List the prime factors of -6*22/33*(-454)/4.
2, 227
Let a be 4 + (2/5)/(5/(-25)). Suppose a*s - 300 = -s. What are the prime factors of s?
2, 5
Let k be 12/3*-2*3/6. What are the prime factors of (10/k + -4)*-2?
13
Let s(y) = 5 + 7*y + 19*y + 3 + 59*y. What are the prime factors of s(3)?
263
Suppose -3*a - 43 = 11. Let i = a - -20. Suppose -i*w = -3*f + 204, 4*f + w - 311 = -50. What are the prime factors of f?
2, 3, 11
Suppose 3*p = t - 7, -6*p + 3*t = -2*p + 11. Let l be ((-48)/20)/(p/60). Suppose j + 2*j = l. What are the prime factors of j?
2, 3
Let t be ((-12)/(-8))/(9/7368). What are the prime factors of 4/(-10) - t/(-20)?
61
Let m(s) = -s**2 + 6*s + 16. Let w be m(7). Suppose -w*f = -20*f + 682. What are the prime factors of f?
2, 31
Let c = 593 + -312. List the prime factors of c.
281
What are the prime factors of 216677/301*(8 - (4 - 3))?
5039
Let x = 1 - 1. Suppose x = 3*a + a - 8. Let t = a + 14. What are the prime factors of t?
2
Let r(t) = 4*t + 8 - 12*t + 3*t + 4*t. Let u be r(-6). Let i = u + -7. What are the prime factors of i?
7
Suppose 2279 = 2*q - 4*b - 123, 2*q + 2*b = 2396. What are the prime factors of q?
11, 109
Let b = -58 + 30. Let y = 0 - b. List the prime factors of y.
2, 7
Suppose 0 = -z + 10*z - 8388. List the prime factors of z.
2, 233
Suppose 2*b - 6 = -d - 1, 0 = 2*d - 5*b - 10. Suppose 283 = 5*p - p - 3*w, 176 = 3*p + d*w. List the prime factors of p.
67
Let l = 33 - 33. Suppose -5*k + 299 + 131 = l. List the prime factors of k.
2, 43
Let p(m) = 1360*m - 1. List the prime factors of p(1).
3, 151
Let c(x) = 58*x + 19. What are the prime factors of c(5)?
3, 103
Let a be (-12)/20 + 2076/10 - 4. Let m be (1 + 2)/3 + 3. Suppose m*o = -i + a + 28, 291 = 5*o + 2*i. What are the prime factors of o?
3, 19
Let o(j) = 584 - 7*j - 14*j - 563. List the prime factors of o(-4).
3, 5, 7
Let o = 2016 + -415. What are the prime factors of o?
1601
Suppose 0 = -o + 77 - 3. List the prime factors of o.
2, 37
Let j(h) = 42*h**2 + 2*h - 81. List the prime factors of j(8).
43, 61
List the prime factors of (8833/(-33))/((-1)/3).
11, 73
List the prime factors of (30/7)/(33/8316).
2, 3, 5
Suppose -l + 17 = -44. Let z = -17 + l. Let a = z - 23. What are the prime factors of a?
3, 7
Let w = 1527 - 633. List the prime factors of w.
2, 3, 149
Let y(m) = m**3 - 16*m - 9. Let l be y(-6). What are the prime factors of 13/(-26) + (-2)/4 - l?
2
Suppose -2*u = -b + 3*u + 27, 5 = 5*b + u. Let y(x) = 0*x**b + 2 + 9*x - x**2 + 1. What are the prime factors of y(4)?
23
Suppose -1658 - 6361 = -11*t. What are the prime factors of t?
3
Suppose -86*y - 9 = -89*y. Suppose 0 = 3*g + 3*x - 177, y*g - 3*x = -0*g + 177. What are the prime factors of g?
59
Let n = 1740 + -1135. Suppose 4*w + 3*i = 503 + 108, -5*i = 4*w - n. List the prime factors of w.
5, 31
Let a be (0 - -4 - 4)/1. Suppose 4*g - 60 - 116 = a. List the prime factors of g.
2, 11
Let s(i) = i + 3. Let f(w) = -w - 3. Let n(v) = -2*f(v) - 3*s(v). Let b be n(-8). Suppose 456 - 91 = b*c. What are the prime factors of c?
73
Let p be (-18)/15*(-60)/(-18). What are the prime factors of -9*p/4*7?
3, 7
Let g(s) be the second derivative of s**4/12 + s**3/3 - s**2/2 + 5*s. Let n be g(-3). Suppose -3*a + 130 = n*a. What are the prime factors of a?
2, 13
Suppose -13*f = -9*f - 96. Suppose -4*u + u = -f. Suppose u*w - 38 = 26. What are the prime factors of w?
2
List the prime factors of (1 - (-1)/(-3))/(78/47853).
409
Suppose 6*u - 3 = 15. Suppose -5*m + 880 = -5*h, 176 = -2*m + u*m - 3*h. What are the prime factors of m?
2, 11
Suppose 40 = t - 3*t - 2*c, 3 = c. Let z = 16 + t. Let l = 23 + z. List the prime factors of l.
2
Let c(r) = -r**3 + 4*r**2 - 1. Let z be c(4). Let s be ((-16)/20)/(z/15). Let x = 10 + s. What are the prime factors of x?
2, 11
Suppose 2*f + d + 21 = -4*d, f = 4*d + 22. Suppose -2*g + 118 = -f*r, 2*r - 7*r = 3*g - 209. What are the prime factors of g?
3, 7
Let w(k) = k**2 + 8*k - 1. Let z be w(-8). Let q be 7/(21/132) + z. Let r = 66 - q. List the prime factors of r.
23
Let o = 3429 + -1720. List the prime factors of o.
1709
Let k be ((-3)/(-3) - 1)*1. Suppose 6*y - 8*y + 2 = k. What are the prime factors of ((-104)/8)/(y + -2)?
13
List the prime factors of (-4)/(24/160*(-3)/9).
2, 5
Suppose -7 = -l - h - 4, 2*h = -5*l + 21. Suppose -3*r + l*x = -853, -5*r + 2*x + x + 1427 = 0. What are the prime factors of r?
2, 11, 13
Let j = 2056 + -1194. List the prime factors of j.
2, 431
Let b(x) = 2*x**2 - 6*x - 4. Let m be b(6). Let k be 4/(-14) - m/(-14). What are the prime factors of k/5 + 65/25?
3
Let u = 32 + -32. Suppose u = -5*h + 3*w + 430, h - 4*w = -5*w + 78. List the prime factors of h.
83
Suppose -6*o + 5*o = 1806. List the prime factors of o/(-36) + 1/(-6).
2, 5
Let f be 2 + -2 + (-1 - -3). Let w(y) = y**2 + 0*y**2 + f*y - 1 + 0 - y**3 - y**3. What are the prime factors of w(-3)?
2, 7
Let r(i) = 32 + i - 21 + 5*i + i**3 - 4*i**2. What are the prime factors of r(4)?
5, 7
Suppose r = -4*r + 5*g + 855, -g + 684 = 4*r. What are the prime factors of r?
3, 19
Let x be -3 + 21/6 + (-15)/(-2). Suppose r = -j + x, -70 = -5*j - 0*r + r. What are the prime factors of j?
13
Let p = 2287 + 83. List the prime factors of p.
2, 3, 5, 79
Let f(o) = o**3 - o + 2246. List the prime factors of f(0).
2, 1123
Let h(j) = -4*j**2 - 4*j. Let 